{"id":3446,"date":"2017-04-15T00:23:26","date_gmt":"2017-04-14T23:23:26","guid":{"rendered":"http:\/\/www.hvsystem.cz\/?page_id=3446"},"modified":"2017-04-18T20:22:20","modified_gmt":"2017-04-18T19:22:20","slug":"plastova-okna","status":"publish","type":"page","link":"https:\/\/www.hvsystem.cz\/?page_id=3446","title":{"rendered":"Plastov\u00e1 okna"},"content":{"rendered":"<p><a href=\"https:\/\/www.hvsystem.cz\/wp-content\/uploads\/2017\/04\/IMG_92501_znak_wodny_oknoplast-kopia.jpg\"><img loading=\"lazy\" decoding=\"async\" class=\"alignleft size-full wp-image-3688\" src=\"https:\/\/www.hvsystem.cz\/wp-content\/uploads\/2017\/04\/IMG_92501_znak_wodny_oknoplast-kopia.jpg\" alt=\"IMG_92501_znak_wodny_oknoplast kopia\" width=\"640\" height=\"427\" srcset=\"https:\/\/www.hvsystem.cz\/wp-content\/uploads\/2017\/04\/IMG_92501_znak_wodny_oknoplast-kopia.jpg 640w, https:\/\/www.hvsystem.cz\/wp-content\/uploads\/2017\/04\/IMG_92501_znak_wodny_oknoplast-kopia-300x200.jpg 300w, https:\/\/www.hvsystem.cz\/wp-content\/uploads\/2017\/04\/IMG_92501_znak_wodny_oknoplast-kopia-150x100.jpg 150w\" sizes=\"(max-width: 640px) 100vw, 640px\" \/><\/a><\/p>\n<p><strong>Ve standardn\u00edm vybaven\u00ed oken:<\/strong><\/p>\n<ul>\n<li><strong>pojistka chybn\u00e9 polohy kliky<\/strong> chr\u00e1n\u00ed proti vypadnut\u00ed k\u0159\u00eddla b\u011bhem p\u0159epnut\u00ed z pol<\/li>\n<li>ohy sklopen\u00e9 do otev\u0159en\u00e9<\/li>\n<li><strong>funkce mikroventilace<\/strong> umo\u017e\u0148uje rozt\u011bsnit k\u0159\u00eddlo na cca 5 mm, co\u017e zajist\u00ed \u010d\u00e1ste\u010dn\u00fd pr\u016ftok vzduchu p\u0159i dodr\u017een\u00ed vysok\u00e9 \u00farovn\u011b bezpe\u010dnosti<\/li>\n<li>zaoblen\u00e1 zaskl\u00edvac\u00ed li\u0161ta d\u00e1v\u00e1 okn\u016fm WnD <strong>elegantn\u00ed modern\u00ed styl<\/strong><\/li>\n<\/ul>\n<p>&nbsp;<\/p>\n<p><strong>P\u0159\u00edslu\u0161enstv\u00ed: <\/strong><\/p>\n<ul>\n<li>v\u011btr\u00e1ky tlakov\u00e9 a hygroskopicky \u0159\u00edzen\u00e9 zaji\u0161\u0165uj\u00ed optim\u00e1ln\u00ed v\u00fdm\u011bnu vzduchu a chr\u00e1n\u00ed proti vlhnut\u00ed zd\u00ed<\/li>\n<li>kliky s kl\u00ed\u010dkem, tla\u010d\u00edtkem nebo Secustic zvy\u0161uj\u00ed \u00farove\u0148 bezpe\u010dnosti<\/li>\n<li>meziskeln\u00ed p\u0159\u00ed\u010dky d\u00e1vaj\u00ed okn\u016fm v\u00fdjime\u010dn\u00fd vzhled \u2013 ide\u00e1ln\u00ed pro domy ve stylu retro<\/li>\n<li>n\u00edzk\u00fd balk\u00f3nov\u00fd pr\u00e1h ve v\u00fd\u0161i 20 mm usnad\u0148uje p\u0159em\u00eds\u0165ov\u00e1n\u00ed mezi bytem a balk\u00f3nem nebo terasou<\/li>\n<li>balk\u00f3nov\u00e1 zar\u00e1\u017eka umo\u017e\u0148uje p\u0159iv\u0159en\u00ed dve\u0159\u00ed z vn\u011bj\u0161\u00ed strany bez nutnosti pou\u017e\u00edt kliku (chr\u00e1n\u00ed proti samovoln\u00e9mu zav\u0159en\u00ed vlivem pr\u016fvanu)<\/li>\n<li>atypick\u00e9 tvary oken (nap\u0159. troj\u00faheln\u00edk, koso\u010dtverec, oblouk), d\u00edky kter\u00fdm fas\u00e1da va\u0161eho domu z\u00edsk\u00e1 jedine\u010dn\u00fd modern\u00ed vzhled<\/li>\n<\/ul>\n<p>&nbsp;<\/p>\n<p>&nbsp;<\/p>\n<p style=\"text-align: center;\"><a href=\"https:\/\/www.hvsystem.cz\/wp-content\/uploads\/2017\/04\/OKNOPLAST_Logo_Full.jpg\"><img loading=\"lazy\" decoding=\"async\" class=\" wp-image-3618\" src=\"https:\/\/www.hvsystem.cz\/wp-content\/uploads\/2017\/04\/OKNOPLAST_Logo_Full.jpg\" alt=\"OKNOPLAST_Logo_Full\" width=\"295\" height=\"42\" srcset=\"https:\/\/www.hvsystem.cz\/wp-content\/uploads\/2017\/04\/OKNOPLAST_Logo_Full.jpg 589w, https:\/\/www.hvsystem.cz\/wp-content\/uploads\/2017\/04\/OKNOPLAST_Logo_Full-300x42.jpg 300w, https:\/\/www.hvsystem.cz\/wp-content\/uploads\/2017\/04\/OKNOPLAST_Logo_Full-150x21.jpg 150w\" sizes=\"(max-width: 295px) 100vw, 295px\" \/><\/a><\/p>\n","protected":false},"excerpt":{"rendered":"<p>Ve standardn\u00edm vybaven\u00ed oken: pojistka chybn\u00e9 polohy kliky chr\u00e1n\u00ed proti vypadnut\u00ed k\u0159\u00eddla b\u011bhem p\u0159epnut\u00ed z pol ohy sklopen\u00e9 do otev\u0159en\u00e9 funkce mikroventilace umo\u017e\u0148uje rozt\u011bsnit k\u0159\u00eddlo [&hellip;]<\/p>\n","protected":false},"author":1,"featured_media":0,"parent":0,"menu_order":0,"comment_status":"open","ping_status":"open","template":"","meta":{"footnotes":""},"_links":{"self":[{"href":"https:\/\/www.hvsystem.cz\/index.php?rest_route=\/wp\/v2\/pages\/3446"}],"collection":[{"href":"https:\/\/www.hvsystem.cz\/index.php?rest_route=\/wp\/v2\/pages"}],"about":[{"href":"https:\/\/www.hvsystem.cz\/index.php?rest_route=\/wp\/v2\/types\/page"}],"author":[{"embeddable":true,"href":"https:\/\/www.hvsystem.cz\/index.php?rest_route=\/wp\/v2\/users\/1"}],"replies":[{"embeddable":true,"href":"https:\/\/www.hvsystem.cz\/index.php?rest_route=%2Fwp%2Fv2%2Fcomments&post=3446"}],"version-history":[{"count":7,"href":"https:\/\/www.hvsystem.cz\/index.php?rest_route=\/wp\/v2\/pages\/3446\/revisions"}],"predecessor-version":[{"id":3691,"href":"https:\/\/www.hvsystem.cz\/index.php?rest_route=\/wp\/v2\/pages\/3446\/revisions\/3691"}],"wp:attachment":[{"href":"https:\/\/www.hvsystem.cz\/index.php?rest_route=%2Fwp%2Fv2%2Fmedia&parent=3446"}],"curies":[{"name":"wp","href":"https:\/\/api.w.org\/{rel}","templated":true}]}}